= 292 + -30. List the prime factors of v.
2, 131
Let u(g) = g**3 + 19*g**2 + 28*g + 26. Let x = -118 + 101. List the prime factors of u(x).
2
Suppose 2*t - 2*h = 488, h = -3*t + t + 500. Suppose t = 47*r - 45*r. List the prime factors of r.
2, 31
Let s be (-29 - -4)/(-5) + 2. Suppose 5*y - 483 = s. What are the prime factors of y?
2, 7
Let y = 17 - 22. Let d = y - -12. Suppose 0 = -u + d*u - 84. What are the prime factors of u?
2, 7
Let b = 29 - 32. Let v be 3 + (-2)/4*0. List the prime factors of ((-4)/b)/(v/162).
2, 3
What are the prime factors of (2778/10)/((-165)/(-275))?
463
Let j = 63 + -22. Let o = 206 - j. List the prime factors of o.
3, 5, 11
Suppose 34*g - 19807 - 33879 = 0. What are the prime factors of g?
1579
Let o be ((-45)/(-6))/3*-8. Suppose -8 = -w + 2*w. Let b = w - o. What are the prime factors of b?
2, 3
Let v = 58 - -113. Let h = v - 97. List the prime factors of h.
2, 37
Let y(u) = -28*u**2 + 1. Let x be y(2). List the prime factors of x/6*(-2)/1.
37
Suppose 5*o + 8*t - 13*t = 3495, -3*t = 3*o - 2067. What are the prime factors of o?
2, 347
Let p be 1361/9 - (-10)/(-45). Let x = p + -38. What are the prime factors of x?
113
Let x be -1*(-2)/4*(23 + -17). Let h(g) = 71*g + 18. What are the prime factors of h(x)?
3, 7, 11
Suppose -4*l - 2*v = 8, 0 = -4*l - 4*v - 0*v - 16. Let w be (l - -1)/(6/18). Suppose -1 = -q, a - 2*q = w*a - 102. List the prime factors of a.
2, 5
Let j be (4/(-3))/((-2)/114). Suppose 9*z = -3*c + 8*z - 146, 0 = -z + 1. Let u = j + c. List the prime factors of u.
3
Let t(p) = 2*p - 63. What are the prime factors of t(34)?
5
Suppose -402 = -9*l + 6*l. Suppose s = 5*x + 47, 0*x + 2*x = 4*s - l. Let f = 43 - s. List the prime factors of f.
11
Suppose 11*m - 241 = 100. Suppose 0*l - l + 3*v = 18, -4*v = 0. Let f = m + l. What are the prime factors of f?
13
Let g(c) be the first derivative of c**2/2 + 21*c - 46. List the prime factors of g(12).
3, 11
Let z be (-2)/(-8) + 1/(-4). Let l(h) = -8*h - 17. Let r be l(-5). Let p = z + r. List the prime factors of p.
23
Let m(h) = -h**2 + 12*h - 4. Suppose n = 4*l - 0*n - 31, 3*l - 5*n - 2 = 0. Let x be m(l). Let o = 33 - x. List the prime factors of o.
2, 5
Let o = 1422 - 922. What are the prime factors of o?
2, 5
Suppose -6*b = -54 + 18. Suppose -b*o - 13 = -337. List the prime factors of o.
2, 3
Suppose -5*w = -u + 68, -2*u - 18 = w - 0*u. Let y(z) = 4*z + 47. Let q be y(0). Let o = q + w. What are the prime factors of o?
3, 11
Let t = -76 - -55. List the prime factors of (t - (1 + 2))/(3/(-2)).
2
Let g = 21 - 19. Suppose -m + g*m = 50. What are the prime factors of m?
2, 5
Let z = 49 + -29. What are the prime factors of (-8)/z + (-524)/(-10)?
2, 13
Let n = 427 + -297. Suppose 2*s + s - n = 5*x, -4*s = x - 204. List the prime factors of s.
2, 5
Suppose v = 4*k - 14, -3*v - 12 = 3*k - 0. Let n(i) = i**2 + 2. Let x be n(v). Let t = x + -22. What are the prime factors of t?
2
Suppose 0 = 3*c + c - 4*a - 12, -5*a - 5 = 0. Suppose c*n - 7*p + 3*p = 106, -4*n - p = -167. List the prime factors of n.
43
Suppose 0*b - 3*i = -4*b + 136, 0 = b + 2*i - 23. Let o = b + 23. What are the prime factors of o?
2, 3
Suppose 0 = 3*c - 12, 2*l + 0*l + 5*c = 90. Let t(b) = 4*b - 2. Let q be t(5). Let x = l - q. List the prime factors of x.
17
Suppose -3*l - 1 = 4*h, -l + 2*h + 13 = -0. Let a = l + -1. Suppose 22 = 2*d - 2*t - 66, -d + a*t = -29. List the prime factors of d.
7
Suppose -395 = -7*q + 2*q. Let s = 23 + q. List the prime factors of s.
2, 3, 17
Let y be -3 - (-5 - 5 - (-1 - 1)). Suppose -s - 3*c + 46 = 0, -y*c - 146 + 396 = 5*s. List the prime factors of s.
2, 13
Let w(i) = -4*i + 13. Let a be (4 - -2)/(2 - 3). List the prime factors of w(a).
37
Let l = 690 + -436. List the prime factors of l.
2, 127
Let h(n) = 25*n**3 - 18*n**2 + 32*n + 6. What are the prime factors of h(5)?
3, 947
What are the prime factors of 4674/21 - (-36)/84?
223
Let d(x) = 18*x + 0 - 51*x + 1. Let o be d(-1). Suppose -3*q + o = 7. What are the prime factors of q?
3
Suppose -2*f = 3*b - 1764, -2*f = b - 6*b - 1764. What are the prime factors of f?
2, 3, 7
List the prime factors of 3/(-8) - 2143603/(-776).
2, 1381
What are the prime factors of (-3292)/(-10)*15/6?
823
Suppose 5*g + 353 = 2*o, -2*g = -o + 126 + 51. What are the prime factors of o?
179
Let n be (-15)/(-1)*(1 + 8/(-12)). Suppose -4*c + 193 + 127 = 4*v, -n*c + 435 = -2*v. What are the prime factors of c?
5, 17
Let m(d) = -d - 4. Let b be m(-9). Suppose 0 = b*a - 6 - 194. What are the prime factors of a?
2, 5
Let k(m) = m**3 - 5*m**2 + 5*m + 5. Let h be (1/(-4) + -1)*-4. What are the prime factors of k(h)?
2, 3, 5
Suppose 0 = -5*z + 20, o - 123 = -3*z + 570. What are the prime factors of o?
3, 227
Suppose -2*j + v = -0*v - 5, 0 = -5*v + 15. Let n be 4 - (9/(-3) + j). Suppose -n*o - 2*o = -145. List the prime factors of o.
29
Let c = 18 + -9. Suppose -c*n + 10*n = 0. Let u(z) = -2*z + 11. List the prime factors of u(n).
11
What are the prime factors of 50/(-125) + (-12614)/(-10)?
13, 97
Let o(u) = -u**2 + 10*u - 8. Let d be o(7). Let h = -4 - -3. What are the prime factors of (h - (-8)/4)*d?
13
Suppose -15*r + r = -7518. What are the prime factors of r?
3, 179
Let w be (2 - (-159)/(-9))*-6. Suppose -4*d - 12 = 4, -3*a + 5 = d. Suppose -a*i + 65 = 5*q, -4*q + q = 4*i - w. List the prime factors of i.
5
Let h = 1626 - 890. List the prime factors of h.
2, 23
Let m = -678 - -2013. What are the prime factors of m?
3, 5, 89
Let i = 793 - 421. Let x = 255 - i. Let u = x - -168. List the prime factors of u.
3, 17
Let q(x) = -x**3 - 3*x**2 - 2*x + 1. Let u be q(-2). What are the prime factors of (-13)/(78/(-12)) - (-1)/u?
3
Let c = 5990 + -2279. What are the prime factors of c?
3, 1237
Let w(g) = -8*g - 48. Let u be w(-12). Suppose 2*r + 10 = u. What are the prime factors of r?
19
Suppose 37 - 414 = -o - n, -3*o + 3*n = -1131. List the prime factors of o.
13, 29
Suppose 1328 = 4*p + 4*a, 0 = 4*p - a - 2*a - 1328. List the prime factors of p.
2, 83
What are the prime factors of (5 - -1)*1 - (-108205)/335?
7, 47
Suppose 183 = -v + 2*v. Suppose 3*o + 2*q = 114, -5*o - 3*q + v = -2*q. List the prime factors of o.
2, 3
Suppose 7*t - 2*t + 4*v = 178, -t = -2*v - 44. What are the prime factors of t?
2, 19
Suppose 0 = 3*l + 2*u - 496, -15*l + 5*u = -18*l + 502. What are the prime factors of l?
2, 41
Let l(v) = -242*v - 200. What are the prime factors of l(-13)?
2, 3, 491
Suppose -2 = -3*o - 2*u, 5*o + 2*u = -2*u. Suppose -79 = -5*z + o*z. List the prime factors of z.
79
Let i be -3*122/(-3)*1. Let k = i - 55. What are the prime factors of k?
67
Suppose 4*z = -2*b + 4 + 18, b - 17 = -4*z. Suppose -5*o - 15 = a, 0 = 4*o - 6*a + z*a - 7. What are the prime factors of (-27 + -2)*o/2?
29
Suppose 67*j - 64*j - 1854 = 0. List the prime factors of j.
2, 3, 103
Let f(t) = -8*t - 39. Let p(b) = b**3 + 7*b**2 + 11*b + 21. Let g be p(-6). What are the prime factors of f(g)?
3, 11
Suppose 12*k = 1776 + 876. What are the prime factors of k?
13, 17
Let z(m) = -4*m - 18. Let x be z(-7). List the prime factors of ((-12)/x)/(((-18)/(-285))/(-6)).
2, 3, 19
Let k = 19 + -50. Suppose -2*g - 70 - 66 = 0. Let w = k - g. List the prime factors of w.
37
Let b(z) = z**2 + z. Let k be b(0). Let t be k/(0 - 0 - -1). List the prime factors of (-4 - t)/(-4)*26.
2, 13
Let z(l) = 8*l + 23. Let m(d) = -7*d - 24. Let h(v) = 3*m(v) + 2*z(v). What are the prime factors of h(-20)?
2, 37
Let s(l) = -6*l**3 - 17*l**2 - 10*l - 10. Let c(q) = 3*q**3 + 9*q**2 + 5*q + 5. Let t(w) = 7*c(w) + 4*s(w). What are the prime factors of t(-3)?
2, 23
Suppose 0 = -42*c + 37*c - 20. What are the prime factors of (-21)/c + 2/(-8)?
5
Let v = 777 - 239. Suppose 5*a + 160 - v = l, 2*l - 232 = -3*a. List the prime factors of a.
2, 19
Let u(l) = -7*l**3 - 5*l - 5. Let i(p) = -2*p + 8. Let o be i(5). What are the prime factors of u(o)?
61
Let c = -283 + 439. List the prime factors of c.
2, 3, 13
Suppose -5*n = 5*c - 2*c - 134, -c + 54 = 2*n. Let t be 2/14 - (-736)/(-56). Let d = t + n. List the prime factors of d.
3, 5
Let q be 1 + 2 + -3 + 2. Let y(l) = -7*l**q + 0*l + 9*l**2 - 3*l. What are the prime factors of y(5)?
5, 7
List the prime factors of (-112)/20 + 6 - 3026/(-10).
3, 101
List the prime factors of (119